{"id":1141,"date":"2026-04-28T16:44:48","date_gmt":"2026-04-28T16:44:48","guid":{"rendered":"https:\/\/me2.bilkent.edu.tr\/?page_id=1141"},"modified":"2026-04-28T16:44:48","modified_gmt":"2026-04-28T16:44:48","slug":"minyatur-robotik-laboratuvari","status":"publish","type":"page","link":"https:\/\/me2.bilkent.edu.tr\/?page_id=1141","title":{"rendered":"minyatur-robotik-laboratuvar\u0131"},"content":{"rendered":"\n<div class=\"bilmech-lab-detail-wrapper\">\n    <section class=\"lab-hero\">\n        <div class=\"lab-hero-content\">\n            <h1>Minyat\u00fcr Robotik Laboratuvar\u0131<\/h1>\n            <p>Makine M\u00fchendisli\u011fi B\u00f6l\u00fcm\u00fc b\u00fcnyesinde \u00f6zg\u00fcn minyat\u00fcr robotik sistemler ve yenilik\u00e7i \u00fcretim teknikleri \u00fczerine ara\u015ft\u0131rmalar.<\/p>\n        <\/div>\n    <\/section>\n\n    <div class=\"lab-container\">\n        <main class=\"lab-content\">\n            <h2 class=\"section-title\">Laboratuvar Hakk\u0131nda<\/h2>\n            <p>Lab\u0131m\u0131z 2015 y\u0131l\u0131 Ocak ay\u0131nda Bilkent \u00dcniversitesi Makine M\u00fchendisli\u011fi B\u00f6l\u00fcm\u00fcn\u00fcn bir par\u00e7as\u0131 olarak Dr. Onur \u00d6zcan taraf\u0131ndan kuruldu.<\/p>\n\n            <h2 class=\"section-title\">Ara\u015ft\u0131rma Alanlar\u0131<\/h2>\n            <p>Lab\u0131m\u0131z\u0131n temel ara\u015ft\u0131rma alanlar\u0131 \u00f6zg\u00fcn minyat\u00fcr robotik sistemlerdir. Minyat\u00fcr robot \u00fcretiminde kullan\u0131labilecek geleneksel olmayan \u00fcretim teknikleri, minyat\u00fcr robotlar i\u00e7in \u00f6zg\u00fcn eyleyiciler ve tahrik mekanizmalar\u0131, minyat\u00fcr robot hareketinin dayand\u0131\u011f\u0131 k\u00fc\u00e7\u00fck boyut fizi\u011fi ve minyat\u00fcrle\u015fmeye izin veren \u00f6zg\u00fcn robot tasar\u0131mlar\u0131 ilgi alanlar\u0131m\u0131z\u0131 olu\u015fturur.<\/p>\n\n            <h2 class=\"section-title\">Uygulama Alanlar\u0131<\/h2>\n            <p>Geli\u015ftirdi\u011fimiz robotlar tehlikeli \u015fartlarda bulunan ve\/veya dar a\u00e7\u0131kl\u0131klardan ge\u00e7ilerek ula\u015f\u0131labilen ortamlara ula\u015fmak i\u00e7in ve bu tarz alanlarda arama-kurtarma, denetim ve bilgi alma faaliyetleri y\u00fcr\u00fctmek i\u00e7in kullan\u0131labilir.<\/p>\n\n            <h2 class=\"section-title\">Destekleyen Kurumlar<\/h2>\n            <p>Projelerimiz T\u00dcB\u0130TAK&#8217;\u0131n 2232, 3001, 3501 ve 1003 programlar\u0131 dahilinde desteklenmektedir.<\/p>\n\n            <div class=\"action-area\">\n                <a href=\"http:\/\/web3.bilkent.edu.tr\/minirobots\/?page_id=243&#038;lang=tr\" class=\"btn-primary\">Laboratuvar Web Sitesini Ziyaret Et<\/a>\n            <\/div>\n        <\/main>\n\n        <aside class=\"lab-sidebar\">\n            <div class=\"sidebar-box\">\n                <h3>Ara\u015ft\u0131rma Ekibi<\/h3>\n                <ul class=\"team-list\">\n                    <li>\n                        <span class=\"role\">Kurucu<\/span>\n                        <span class=\"name\">Dr. Onur \u00d6zcan<\/span>\n                    <\/li>\n                    <li>\n                        <span class=\"role\">Ara\u015ft\u0131rmac\u0131<\/span>\n                        <span class=\"name\">Haider Raheem<\/span>\n                    <\/li>\n                    <li>\n                        <span class=\"role\">Ara\u015ft\u0131rmac\u0131<\/span>\n                        <span class=\"name\">Amirali Aleali<\/span>\n                    <\/li>\n                    <li>\n                        <span class=\"role\">Ara\u015ft\u0131rmac\u0131<\/span>\n                        <span class=\"name\">Yi\u011fit Yaman<\/span>\n                    <\/li>\n                    <li>\n                        <span class=\"role\">Ara\u015ft\u0131rmac\u0131<\/span>\n                        <span class=\"name\">Altar Sertpoyraz<\/span>\n                    <\/li>\n                    <li>\n                        <span class=\"role\">Ara\u015ft\u0131rmac\u0131<\/span>\n                        <span class=\"name\">\u00d6mer \u00c7a\u011fr\u0131 Ergin<\/span>\n                    <\/li>\n                <\/ul>\n            <\/div>\n        <\/aside>\n    <\/div>\n<\/div>\n\n\n<style class=\"wpcode-css-snippet\">@import url(\"https:\/\/fonts.googleapis.com\/css2?family=Inter:wght@300;400;600;700;800&family=Google+Sans:ital,opsz,wght@0,17..18,400..700;1,17..18,400..700&display=swap\");\r\n\r\n.bilmech-lab-detail-wrapper {\r\n    --bilmech-blue: #0A1C2E; \r\n    --bilmech-red: #A51C30;\r\n    --bg-light: #F9F9F9;\r\n    --text-dark: #1E1E1E;\r\n    --text-gray: #4A4A4A;\r\n    --white: #FFFFFF;\r\n    --border-color: #EAEAEA;\r\n    --font-serif: 'Google Sans', 'Inter', sans-serif;\r\n    --font-sans: 'Inter', 'DM Sans', Arial, sans-serif;\r\n    font-family: var(--font-sans);\r\n    color: var(--text-dark);\r\n    line-height: 1.6;\r\n    background-color: var(--white);\r\n    width: 100%;\r\n    margin: 0 auto;\r\n}\r\n\r\n.bilmech-lab-detail-wrapper * {\r\n    box-sizing: border-box;\r\n}\r\n\r\n.bilmech-lab-detail-wrapper .lab-hero {\r\n    height: 40vh;\r\n    min-height: 350px;\r\n    display: flex;\r\n    align-items: center;\r\n    justify-content: center;\r\n    text-align: center;\r\n    background-image: linear-gradient(rgba(10, 28, 46, 0.85), rgba(10, 28, 46, 0.95)), url('https:\/\/me2.bilkent.edu.tr\/wp-content\/uploads\/2026\/03\/gruplar.jpg');\r\n    background-size: cover;\r\n    background-position: center;\r\n    color: var(--white);\r\n    padding: 0 2rem;\r\n}\r\n\r\n.bilmech-lab-detail-wrapper .lab-hero-content {\r\n    max-width: 800px;\r\n    animation: fadeInDown 1s ease-out;\r\n}\r\n\r\n.bilmech-lab-detail-wrapper .lab-hero h1 {\r\n    font-family: var(--font-serif);\r\n    font-size: 3rem;\r\n    font-weight: 700;\r\n    margin-bottom: 1rem;\r\n    line-height: 1.2;\r\n\tcolor: #FFFFFF;\r\n    text-shadow: 2px 2px 8px rgba(0, 0, 0, 0.6);\r\n}\r\n\r\n.bilmech-lab-detail-wrapper .lab-hero p {\r\n    font-size: 1.15rem;\r\n    font-weight: 300;\r\n    opacity: 0.9;\r\n}\r\n\r\n.bilmech-lab-detail-wrapper .lab-container {\r\n    max-width: 1200px;\r\n    margin: 4rem auto;\r\n    padding: 0 2rem;\r\n    display: grid;\r\n    grid-template-columns: 2fr 1fr;\r\n    gap: 4rem;\r\n}\r\n\r\n.bilmech-lab-detail-wrapper .section-title {\r\n    font-family: var(--font-serif);\r\n    font-size: 1.8rem;\r\n    color: var(--bilmech-blue);\r\n    margin-top: 2rem;\r\n    margin-bottom: 1.2rem;\r\n    font-weight: 600;\r\n    position: relative;\r\n    padding-bottom: 0.5rem;\r\n}\r\n\r\n.bilmech-lab-detail-wrapper .section-title:first-child {\r\n    margin-top: 0;\r\n}\r\n\r\n.bilmech-lab-detail-wrapper .section-title::after {\r\n    content: '';\r\n    position: absolute;\r\n    left: 0;\r\n    bottom: 0;\r\n    width: 60px;\r\n    height: 3px;\r\n    background-color: var(--bilmech-red);\r\n}\r\n\r\n.bilmech-lab-detail-wrapper .lab-content p {\r\n    color: var(--text-gray);\r\n    font-size: 1.05rem;\r\n    margin-bottom: 1.5rem;\r\n    line-height: 1.8;\r\n}\r\n\r\n.bilmech-lab-detail-wrapper .action-area {\r\n    margin-top: 3rem;\r\n}\r\n\r\n.bilmech-lab-detail-wrapper .btn-primary {\r\n    display: inline-block;\r\n    background-color: var(--bilmech-red);\r\n    color: var(--white);\r\n    padding: 1rem 2rem;\r\n    text-decoration: none;\r\n    font-weight: 600;\r\n    border-radius: 4px;\r\n    transition: background-color 0.3s ease, transform 0.2s ease;\r\n    font-family: var(--font-serif);\r\n}\r\n\r\n.bilmech-lab-detail-wrapper .btn-primary:hover {\r\n    background-color: #8c1728;\r\n    transform: translateY(-2px);\r\n}\r\n\r\n.bilmech-lab-detail-wrapper .sidebar-box {\r\n    background-color: var(--bg-light);\r\n    border: 1px solid var(--border-color);\r\n    border-radius: 8px;\r\n    padding: 2rem;\r\n    position: sticky;\r\n    top: 2rem;\r\n}\r\n\r\n.bilmech-lab-detail-wrapper .sidebar-box h3 {\r\n    font-family: var(--font-serif);\r\n    font-size: 1.4rem;\r\n    color: var(--bilmech-blue);\r\n    margin-top: 0;\r\n    margin-bottom: 1.5rem;\r\n    border-bottom: 1px solid var(--border-color);\r\n    padding-bottom: 0.8rem;\r\n}\r\n\r\n.bilmech-lab-detail-wrapper .team-list {\r\n    list-style: none;\r\n    padding: 0;\r\n    margin: 0;\r\n}\r\n\r\n.bilmech-lab-detail-wrapper .team-list li {\r\n    display: flex;\r\n    flex-direction: column;\r\n    margin-bottom: 1rem;\r\n    padding-bottom: 1rem;\r\n    border-bottom: 1px dashed var(--border-color);\r\n}\r\n\r\n.bilmech-lab-detail-wrapper .team-list li:last-child {\r\n    margin-bottom: 0;\r\n    padding-bottom: 0;\r\n    border-bottom: none;\r\n}\r\n\r\n.bilmech-lab-detail-wrapper .team-list .role {\r\n    font-size: 0.75rem;\r\n    text-transform: uppercase;\r\n    color: var(--bilmech-red);\r\n    font-weight: 700;\r\n    letter-spacing: 1px;\r\n    margin-bottom: 0.2rem;\r\n}\r\n\r\n.bilmech-lab-detail-wrapper .team-list .name {\r\n    font-size: 1.05rem;\r\n    font-weight: 600;\r\n    color: var(--text-dark);\r\n}\r\n\r\n@keyframes fadeInDown {\r\n    from { opacity: 0; transform: translateY(-20px); }\r\n    to { opacity: 1; transform: translateY(0); }\r\n}\r\n\r\n@media (max-width: 900px) {\r\n    .bilmech-lab-detail-wrapper .lab-container {\r\n        grid-template-columns: 1fr;\r\n        gap: 3rem;\r\n    }\r\n    \r\n    .bilmech-lab-detail-wrapper .sidebar-box {\r\n        position: static;\r\n    }\r\n}\r\n\r\n@media (max-width: 600px) {\r\n    .bilmech-lab-detail-wrapper .lab-hero h1 {\r\n        font-size: 2.2rem;\r\n    }\r\n    \r\n    .bilmech-lab-detail-wrapper .lab-container {\r\n        margin: 2rem auto;\r\n    }\r\n}<\/style>\n","protected":false},"excerpt":{"rendered":"<p>Minyat\u00fcr Robotik Laboratuvar\u0131 Makine M\u00fchendisli\u011fi B\u00f6l\u00fcm\u00fc b\u00fcnyesinde \u00f6zg\u00fcn minyat\u00fcr robotik sistemler ve yenilik\u00e7i \u00fcretim teknikleri \u00fczerine ara\u015ft\u0131rmalar. Laboratuvar Hakk\u0131nda Lab\u0131m\u0131z [&hellip;]<\/p>\n","protected":false},"author":1,"featured_media":0,"parent":0,"menu_order":0,"comment_status":"closed","ping_status":"closed","template":"","meta":{"site-sidebar-layout":"default","site-content-layout":"","ast-site-content-layout":"full-width-container","site-content-style":"default","site-sidebar-style":"default","ast-global-header-display":"","ast-banner-title-visibility":"","ast-main-header-display":"","ast-hfb-above-header-display":"","ast-hfb-below-header-display":"","ast-hfb-mobile-header-display":"","site-post-title":"disabled","ast-breadcrumbs-content":"","ast-featured-img":"","footer-sml-layout":"","ast-disable-related-posts":"","theme-transparent-header-meta":"","adv-header-id-meta":"","stick-header-meta":"","header-above-stick-meta":"","header-main-stick-meta":"","header-below-stick-meta":"","astra-migrate-meta-layouts":"default","ast-page-background-enabled":"default","ast-page-background-meta":{"desktop":{"background-color":"var(--ast-global-color-5)","background-image":"","background-repeat":"repeat","background-position":"center center","background-size":"auto","background-attachment":"scroll","background-type":"","background-media":"","overlay-type":"","overlay-color":"","overlay-opacity":"","overlay-gradient":""},"tablet":{"background-color":"","background-image":"","background-repeat":"repeat","background-position":"center center","background-size":"auto","background-attachment":"scroll","background-type":"","background-media":"","overlay-type":"","overlay-color":"","overlay-opacity":"","overlay-gradient":""},"mobile":{"background-color":"","background-image":"","background-repeat":"repeat","background-position":"center center","background-size":"auto","background-attachment":"scroll","background-type":"","background-media":"","overlay-type":"","overlay-color":"","overlay-opacity":"","overlay-gradient":""}},"ast-content-background-meta":{"desktop":{"background-color":"var(--ast-global-color-4)","background-image":"","background-repeat":"repeat","background-position":"center center","background-size":"auto","background-attachment":"scroll","background-type":"","background-media":"","overlay-type":"","overlay-color":"","overlay-opacity":"","overlay-gradient":""},"tablet":{"background-color":"var(--ast-global-color-4)","background-image":"","background-repeat":"repeat","background-position":"center center","background-size":"auto","background-attachment":"scroll","background-type":"","background-media":"","overlay-type":"","overlay-color":"","overlay-opacity":"","overlay-gradient":""},"mobile":{"background-color":"var(--ast-global-color-4)","background-image":"","background-repeat":"repeat","background-position":"center center","background-size":"auto","background-attachment":"scroll","background-type":"","background-media":"","overlay-type":"","overlay-color":"","overlay-opacity":"","overlay-gradient":""}},"footnotes":""},"class_list":["post-1141","page","type-page","status-publish","hentry"],"_links":{"self":[{"href":"https:\/\/me2.bilkent.edu.tr\/index.php?rest_route=\/wp\/v2\/pages\/1141","targetHints":{"allow":["GET"]}}],"collection":[{"href":"https:\/\/me2.bilkent.edu.tr\/index.php?rest_route=\/wp\/v2\/pages"}],"about":[{"href":"https:\/\/me2.bilkent.edu.tr\/index.php?rest_route=\/wp\/v2\/types\/page"}],"author":[{"embeddable":true,"href":"https:\/\/me2.bilkent.edu.tr\/index.php?rest_route=\/wp\/v2\/users\/1"}],"replies":[{"embeddable":true,"href":"https:\/\/me2.bilkent.edu.tr\/index.php?rest_route=%2Fwp%2Fv2%2Fcomments&post=1141"}],"version-history":[{"count":5,"href":"https:\/\/me2.bilkent.edu.tr\/index.php?rest_route=\/wp\/v2\/pages\/1141\/revisions"}],"predecessor-version":[{"id":1179,"href":"https:\/\/me2.bilkent.edu.tr\/index.php?rest_route=\/wp\/v2\/pages\/1141\/revisions\/1179"}],"wp:attachment":[{"href":"https:\/\/me2.bilkent.edu.tr\/index.php?rest_route=%2Fwp%2Fv2%2Fmedia&parent=1141"}],"curies":[{"name":"wp","href":"https:\/\/api.w.org\/{rel}","templated":true}]}}