{"id":650,"date":"2026-03-29T20:18:17","date_gmt":"2026-03-29T20:18:17","guid":{"rendered":"https:\/\/me2.bilkent.edu.tr\/?page_id=650"},"modified":"2026-04-07T11:09:29","modified_gmt":"2026-04-07T11:09:29","slug":"ana-sayfa-english","status":"publish","type":"page","link":"https:\/\/me2.bilkent.edu.tr\/?page_id=650&lang=en","title":{"rendered":"Ana Sayfa &#8211; English"},"content":{"rendered":"\n\n\n\n<div class=\"wp-block-group reveal-right has-background is-layout-constrained wp-block-group-is-layout-constrained\" style=\"background-color:#c9d3cf\">\n<h1 class=\"wp-block-heading has-x-large-font-size\" style=\"padding-top:var(--wp--preset--spacing--30);padding-bottom:var(--wp--preset--spacing--30)\">Neden Bilkent Makine M\u00fchendisli\u011fi?<\/h1>\n\n\n\n<h3 class=\"wp-block-heading has-text-align-center\" style=\"padding-top:var(--wp--preset--spacing--50);padding-bottom:var(--wp--preset--spacing--50)\">G\u00fc\u00e7l\u00fc Akademik Kadro<\/h3>\n\n\n\n<p class=\"has-text-align-center\">Alan\u0131nda uzman ve aktif ara\u015ft\u0131rma yapan akademisyenler sayesinde \u00f6\u011frenciler g\u00fcncel bilgiye ula\u015f\u0131r ve sa\u011flam bir teorik temel kazan\u0131r.<\/p>\n\n\n\n<h3 class=\"wp-block-heading has-text-align-center\" style=\"padding-top:var(--wp--preset--spacing--50);padding-bottom:var(--wp--preset--spacing--50)\">Uluslararas\u0131 E\u011fitim Ortam\u0131<\/h3>\n\n\n\n<p class=\"has-text-align-center\">\u0130ngilizce e\u011fitim ve de\u011fi\u015fim programlar\u0131 sayesinde \u00f6\u011frenciler k\u00fcresel bak\u0131\u015f a\u00e7\u0131s\u0131 geli\u015ftirir ve uluslararas\u0131 kariyer f\u0131rsatlar\u0131na haz\u0131rlan\u0131r.<\/p>\n\n\n\n<h3 class=\"wp-block-heading has-text-align-center\" style=\"padding-top:var(--wp--preset--spacing--50);padding-bottom:var(--wp--preset--spacing--50)\">Modern Laboratuvar ve Ara\u015ft\u0131rma \u0130mk\u00e2nlar\u0131<\/h3>\n\n\n\n<p class=\"has-text-align-center\">Geli\u015fmi\u015f laboratuvarlar ve projeler ile \u00f6\u011frenciler teorik bilgilerini prati\u011fe d\u00f6kerek ger\u00e7ek m\u00fchendislik problemlerine \u00e7\u00f6z\u00fcm \u00fcretir.<\/p>\n<\/div>\n\n\n\n<div class=\"wp-block-group alignfull stats-section reveal-left has-background is-layout-constrained wp-block-group-is-layout-constrained\" style=\"background-color:#0f172a\">\n<div class=\"wp-block-columns is-layout-flex wp-container-core-columns-is-layout-d0b3c9c8 wp-block-columns-is-layout-flex\">\n<div class=\"wp-block-column is-layout-flow wp-block-column-is-layout-flow\">\n<div class=\"wp-block-group alignfull is-layout-constrained wp-block-group-is-layout-constrained\">\n<h2 class=\"wp-block-heading has-text-align-center has-white-color has-text-color has-link-color wp-elements-87177a9004b4c751e7fc1f6b9665b331\">Akademisyen<\/h2>\n\n\n\n<h1 class=\"wp-block-heading has-text-align-center has-white-color has-text-color has-link-color wp-elements-a48e41c7f6f84db5635dc591e82b4351\">25<\/h1>\n<\/div>\n\n\n\n<div class=\"wp-block-group is-layout-constrained wp-block-group-is-layout-constrained\">\n<h2 class=\"wp-block-heading has-text-align-center has-white-color has-text-color has-link-color wp-elements-551548e3c83c4aa2f9695c1b2540d9e3\">\u00d6\u011frenci<\/h2>\n\n\n\n<h1 class=\"wp-block-heading has-text-align-center has-white-color has-text-color has-link-color wp-elements-05406f4425c66f767a0a5e656727c7c7\">500<\/h1>\n<\/div>\n\n\n\n<div class=\"wp-block-group is-layout-constrained wp-block-group-is-layout-constrained\">\n<h2 class=\"wp-block-heading has-text-align-center has-white-color has-text-color has-link-color wp-elements-638952cc9c0dcad4a7d16e721171234a\">\u0130\u015f Bulma Oran\u0131 <\/h2>\n\n\n\n<h1 class=\"wp-block-heading has-text-align-center has-white-color has-text-color has-link-color wp-elements-db51d47f799d3e38353d72515aabe9ae\">%90<\/h1>\n<\/div>\n<\/div>\n\n\n\n<div class=\"wp-block-column is-layout-flow wp-block-column-is-layout-flow\">\n<div class=\"wp-block-group is-layout-constrained wp-block-group-is-layout-constrained\">\n<h2 class=\"wp-block-heading has-text-align-center has-white-color has-text-color has-link-color wp-elements-d818c31d46c4c623d84ada8d2ced4d2d\">Anla\u015fmal\u0131 \u00dcniversite<\/h2>\n\n\n\n<h1 class=\"wp-block-heading has-text-align-center has-white-color has-text-color has-link-color wp-elements-03bc53d2d332c347769b9344f0f9368b\">10<\/h1>\n<\/div>\n\n\n\n<div class=\"wp-block-group is-layout-constrained wp-block-group-is-layout-constrained\">\n<h2 class=\"wp-block-heading has-text-align-center has-white-color has-text-color has-link-color wp-elements-c8b71ad8e19fcd46231de86dbd872f27\">Mezun<\/h2>\n\n\n\n<h1 class=\"wp-block-heading has-text-align-center has-white-color has-text-color has-link-color wp-elements-a48e41c7f6f84db5635dc591e82b4351\">25<\/h1>\n<\/div>\n\n\n\n<div class=\"wp-block-group is-layout-constrained wp-block-group-is-layout-constrained\">\n<h2 class=\"wp-block-heading has-text-align-center has-white-color has-text-color has-link-color wp-elements-920835e2ed5d4045f709106ef54643fd\">Laboratuvar Say\u0131s\u0131<\/h2>\n\n\n\n<h1 class=\"wp-block-heading has-text-align-center has-white-color has-text-color has-link-color wp-elements-9ba11ac4841859604832782c5e1fa527\">7<\/h1>\n<\/div>\n<\/div>\n<\/div>\n<\/div>\n\n\n\n<div class=\"wp-block-query alignwide reveal-right is-layout-flow wp-block-query-is-layout-flow\"><ul class=\"wp-block-post-template is-layout-flow wp-block-post-template-is-layout-flow\"><li class=\"wp-block-post post-1022 post type-post status-publish format-standard has-post-thumbnail hentry category-uncategorized\">\n<figure style=\"width:50%; padding-top:var(--wp--preset--spacing--20);padding-bottom:var(--wp--preset--spacing--20);\" class=\"aligncenter wp-block-post-featured-image\"><img loading=\"lazy\" decoding=\"async\" width=\"1707\" height=\"2560\" src=\"https:\/\/me2.bilkent.edu.tr\/wp-content\/uploads\/2026\/03\/jurica-koletic-7YVZYZeITc8-unsplash-scaled.jpg\" class=\"attachment-full size-full wp-post-image\" alt=\"\" style=\"object-fit:cover;\" srcset=\"https:\/\/me2.bilkent.edu.tr\/wp-content\/uploads\/2026\/03\/jurica-koletic-7YVZYZeITc8-unsplash-scaled.jpg 1707w, https:\/\/me2.bilkent.edu.tr\/wp-content\/uploads\/2026\/03\/jurica-koletic-7YVZYZeITc8-unsplash-200x300.jpg 200w, https:\/\/me2.bilkent.edu.tr\/wp-content\/uploads\/2026\/03\/jurica-koletic-7YVZYZeITc8-unsplash-683x1024.jpg 683w, https:\/\/me2.bilkent.edu.tr\/wp-content\/uploads\/2026\/03\/jurica-koletic-7YVZYZeITc8-unsplash-768x1152.jpg 768w, https:\/\/me2.bilkent.edu.tr\/wp-content\/uploads\/2026\/03\/jurica-koletic-7YVZYZeITc8-unsplash-1024x1536.jpg 1024w, https:\/\/me2.bilkent.edu.tr\/wp-content\/uploads\/2026\/03\/jurica-koletic-7YVZYZeITc8-unsplash-1366x2048.jpg 1366w\" sizes=\"auto, (max-width: 1707px) 100vw, 1707px\" \/><\/figure>\n\n<div class=\"has-text-align-center wp-block-post-date\"><time datetime=\"2026-04-07T11:42:04+00:00\">April 7, 2026<\/time><\/div>\n\n<h2 style=\"padding-right:var(--wp--preset--spacing--50);padding-left:var(--wp--preset--spacing--50);\" class=\"wp-block-post-title has-medium-font-size\">Driving Innovation Through Engineering<\/h2>\n\n<div style=\"min-height:0px;\" class=\"entry-content wp-block-post-content is-layout-flow wp-container-core-post-content-is-layout-8a368f38 wp-block-post-content-is-layout-flow\">\n<p>B\u00f6l\u00fcm\u00fcm\u00fcz Makine M\u00fchendisli\u011fi 2. s\u0131n\u0131f \u00f6\u011frencisi Vedat Rohan Tala\u015f ve 3. s\u0131n\u0131f \u00f6\u011frencisi Yaman Ali Ar\u0131, Bilkent \u00dcniversitesi M\u00fchendislik Fak\u00fcltesi\u2019nin farkl\u0131 b\u00f6l\u00fcmlerinden \u00f6\u011frencilerle birlikte ekip olarak kat\u0131ld\u0131klar\u0131 Idea4Defence Yar\u0131\u015fmas\u0131 kapsam\u0131nda \u00f6nemli bir ba\u015far\u0131 elde etmi\u015flerdir.<\/p>\n\n\n\n<p>Ekipte ayr\u0131ca Elektrik-Elektronik M\u00fchendisli\u011fi Haz\u0131rl\u0131k S\u0131n\u0131f\u0131 \u00f6\u011frencisi Se\u00e7kin K\u0131z\u0131lkaya ve Bilgisayar M\u00fchendisli\u011fi B\u00f6l\u00fcm\u00fc 3. s\u0131n\u0131f \u00f6\u011frencisi Burkay Tun\u00e7t\u00fcrk yer alm\u0131\u015ft\u0131r.<\/p>\n\n\n\n<p>Yar\u0131\u015fma neticesinde ekip, 50.000 TL para \u00f6d\u00fcl\u00fc kazanmaya ve TUSA\u015e Hangar B\u0130GG Program\u0131\u2019na \u00f6n kabul almaya hak kazanm\u0131\u015ft\u0131r.<\/p>\n\n\n\n<p>Savunma sanayii ve y\u00fcksek teknoloji alan\u0131nda d\u00fczenlenen bu prestijli organizasyonda elde edilen ba\u015far\u0131; \u00f6\u011frencilerimizin teknik donan\u0131m\u0131, m\u00fchendislik tasar\u0131m kabiliyeti ve disiplinler aras\u0131 \u00e7al\u0131\u015fma yetkinli\u011finin somut bir g\u00f6stergesidir.<\/p>\n\n\n\n<p>B\u00f6l\u00fcm\u00fcm\u00fcz \u00f6\u011frencilerini ve ba\u015far\u0131da eme\u011fi bulunan t\u00fcm ekip \u00fcyelerini tebrik ediyor, akademik ve mesleki hayatlar\u0131nda ba\u015far\u0131lar\u0131n\u0131n artarak devam etmesini temenni ediyoruz.<\/p>\n<\/div>\n\n<a class=\"wp-block-read-more\" href=\"https:\/\/me2.bilkent.edu.tr\/?p=1022\" target=\"_self\">Daha Fazla Bilgi<span class=\"screen-reader-text\">: Driving Innovation Through Engineering<\/span><\/a>\n<\/li><li class=\"wp-block-post post-1013 post type-post status-publish format-standard has-post-thumbnail hentry category-uncategorized\">\n<figure style=\"width:50%; padding-top:var(--wp--preset--spacing--20);padding-bottom:var(--wp--preset--spacing--20);\" class=\"aligncenter wp-block-post-featured-image\"><img loading=\"lazy\" decoding=\"async\" width=\"1707\" height=\"2560\" src=\"https:\/\/me2.bilkent.edu.tr\/wp-content\/uploads\/2026\/03\/jurica-koletic-7YVZYZeITc8-unsplash-scaled.jpg\" class=\"attachment-full size-full wp-post-image\" alt=\"\" style=\"object-fit:cover;\" srcset=\"https:\/\/me2.bilkent.edu.tr\/wp-content\/uploads\/2026\/03\/jurica-koletic-7YVZYZeITc8-unsplash-scaled.jpg 1707w, https:\/\/me2.bilkent.edu.tr\/wp-content\/uploads\/2026\/03\/jurica-koletic-7YVZYZeITc8-unsplash-200x300.jpg 200w, https:\/\/me2.bilkent.edu.tr\/wp-content\/uploads\/2026\/03\/jurica-koletic-7YVZYZeITc8-unsplash-683x1024.jpg 683w, https:\/\/me2.bilkent.edu.tr\/wp-content\/uploads\/2026\/03\/jurica-koletic-7YVZYZeITc8-unsplash-768x1152.jpg 768w, https:\/\/me2.bilkent.edu.tr\/wp-content\/uploads\/2026\/03\/jurica-koletic-7YVZYZeITc8-unsplash-1024x1536.jpg 1024w, https:\/\/me2.bilkent.edu.tr\/wp-content\/uploads\/2026\/03\/jurica-koletic-7YVZYZeITc8-unsplash-1366x2048.jpg 1366w\" sizes=\"auto, (max-width: 1707px) 100vw, 1707px\" \/><\/figure>\n\n<div class=\"has-text-align-center wp-block-post-date\"><time datetime=\"2026-04-07T11:14:57+00:00\">April 7, 2026<\/time><\/div>\n\n<h2 style=\"padding-right:var(--wp--preset--spacing--50);padding-left:var(--wp--preset--spacing--50);\" class=\"wp-block-post-title has-medium-font-size\">Shaping Modern Engineering<\/h2>\n\n<div style=\"min-height:0px;\" class=\"entry-content wp-block-post-content is-layout-flow wp-container-core-post-content-is-layout-8a368f38 wp-block-post-content-is-layout-flow\">\n<p class=\"has-text-align-left\"><strong>Konu\u015fmac\u0131:<\/strong> Irmak Taylan Karpuzcu<br><strong>Tarih:<\/strong>26.04.45<br><strong>Zaman:<\/strong>23.54<br><strong>Yer:<\/strong>C Building<\/p>\n\n\n\n<p>&#8220;Lorem ipsum dolor sit amet, consectetur adipiscing elit, sed do eiusmod tempor incididunt ut labore et dolore magna aliqua. Ut enim ad minim veniam, quis nostrud exercitation ullamco laboris nisi ut aliquip ex ea commodo consequat. Duis aute irure dolor in reprehenderit in voluptate velit esse cillum dolore eu fugiat nulla pariatur. Excepteur sint occaecat cupidatat non proident, sunt in culpa qui officia deserunt mollit anim id est laborum.&#8221;<\/p>\n\n\n\n<p><strong>&#8220;Lorem ipsum dolor sit amet, consectetur adipiscing elit, sed do eiusmod tempor incididunt ut labore et dolore magna aliqua. Ut enim ad minim veniam, quis nostrud exercitation ullamco laboris nisi ut aliquip ex ea commodo consequat. Duis aute irure dolor in reprehenderit in voluptate velit esse cillum dolore eu fugiat nulla pariatur. Excepteur sint occaecat cupidatat non proident, sunt in culpa qui officia deserunt mollit anim id est laborum.&#8221;<\/strong><\/p>\n\n\n\n<p>&#8220;Lorem ipsum dolor sit amet, consectetur adipiscing elit, sed do eiusmod tempor incididunt ut labore et dolore magna aliqua. Ut enim ad minim veniam, quis nostrud exercitation ullamco laboris nisi ut aliquip ex ea commodo consequat. Duis aute irure dolor in reprehenderit in voluptate velit esse cillum dolore eu fugiat nulla pariatur. Excepteur sint occaecat cupidatat non proident, sunt in culpa qui officia deserunt mollit anim id est laborum.&#8221;<\/p>\n<\/div>\n\n<a class=\"wp-block-read-more\" href=\"https:\/\/me2.bilkent.edu.tr\/?p=1013\" target=\"_self\">Daha Fazla Bilgi<span class=\"screen-reader-text\">: Shaping Modern Engineering<\/span><\/a>\n<\/li><li class=\"wp-block-post post-1011 post type-post status-publish format-standard has-post-thumbnail hentry category-uncategorized\">\n<figure style=\"width:50%; padding-top:var(--wp--preset--spacing--20);padding-bottom:var(--wp--preset--spacing--20);\" class=\"aligncenter wp-block-post-featured-image\"><img loading=\"lazy\" decoding=\"async\" width=\"1707\" height=\"2560\" src=\"https:\/\/me2.bilkent.edu.tr\/wp-content\/uploads\/2026\/03\/jurica-koletic-7YVZYZeITc8-unsplash-scaled.jpg\" class=\"attachment-full size-full wp-post-image\" alt=\"\" style=\"object-fit:cover;\" srcset=\"https:\/\/me2.bilkent.edu.tr\/wp-content\/uploads\/2026\/03\/jurica-koletic-7YVZYZeITc8-unsplash-scaled.jpg 1707w, https:\/\/me2.bilkent.edu.tr\/wp-content\/uploads\/2026\/03\/jurica-koletic-7YVZYZeITc8-unsplash-200x300.jpg 200w, https:\/\/me2.bilkent.edu.tr\/wp-content\/uploads\/2026\/03\/jurica-koletic-7YVZYZeITc8-unsplash-683x1024.jpg 683w, https:\/\/me2.bilkent.edu.tr\/wp-content\/uploads\/2026\/03\/jurica-koletic-7YVZYZeITc8-unsplash-768x1152.jpg 768w, https:\/\/me2.bilkent.edu.tr\/wp-content\/uploads\/2026\/03\/jurica-koletic-7YVZYZeITc8-unsplash-1024x1536.jpg 1024w, https:\/\/me2.bilkent.edu.tr\/wp-content\/uploads\/2026\/03\/jurica-koletic-7YVZYZeITc8-unsplash-1366x2048.jpg 1366w\" sizes=\"auto, (max-width: 1707px) 100vw, 1707px\" \/><\/figure>\n\n<div class=\"has-text-align-center wp-block-post-date\"><time datetime=\"2026-04-07T11:14:24+00:00\">April 7, 2026<\/time><\/div>\n\n<h2 style=\"padding-right:var(--wp--preset--spacing--50);padding-left:var(--wp--preset--spacing--50);\" class=\"wp-block-post-title has-medium-font-size\">Designing the Future of Technology<\/h2>\n\n<div style=\"min-height:0px;\" class=\"entry-content wp-block-post-content is-layout-flow wp-container-core-post-content-is-layout-8a368f38 wp-block-post-content-is-layout-flow\">\n<p><strong>Konu\u015fmac\u0131:<\/strong> Emir<br><strong>Tarih:<\/strong>26.04.45<br><strong>Zaman:<\/strong>23.54<br><strong>Yer:<\/strong>C Building<\/p>\n\n\n\n<p>&#8220;Lorem ipsum dolor sit amet, consectetur adipiscing elit, sed do eiusmod tempor incididunt ut labore et dolore magna aliqua. Ut enim ad minim veniam, quis nostrud exercitation ullamco laboris nisi ut aliquip ex ea commodo consequat. Duis aute irure dolor in reprehenderit in voluptate velit esse cillum dolore eu fugiat nulla pariatur. Excepteur sint occaecat cupidatat non proident, sunt in culpa qui officia deserunt mollit anim id est laborum.&#8221;<\/p>\n\n\n\n<p><strong>&#8220;Lorem ipsum dolor sit amet, consectetur adipiscing elit, sed do eiusmod tempor incididunt ut labore et dolore magna aliqua. Ut enim ad minim veniam, quis nostrud exercitation ullamco laboris nisi ut aliquip ex ea commodo consequat. Duis aute irure dolor in reprehenderit in voluptate velit esse cillum dolore eu fugiat nulla pariatur. Excepteur sint occaecat cupidatat non proident, sunt in culpa qui officia deserunt mollit anim id est laborum.&#8221;<\/strong><\/p>\n\n\n\n<p>&#8220;Lorem ipsum dolor sit amet, consectetur adipiscing elit, sed do eiusmod tempor incididunt ut labore et dolore magna aliqua. Ut enim ad minim veniam, quis nostrud exercitation ullamco laboris nisi ut aliquip ex ea commodo consequat. Duis aute irure dolor in reprehenderit in voluptate velit esse cillum dolore eu fugiat nulla pariatur. Excepteur sint occaecat cupidatat non proident, sunt in culpa qui officia deserunt mollit anim id est laborum.&#8221;<\/p>\n<\/div>\n\n<a class=\"wp-block-read-more\" href=\"https:\/\/me2.bilkent.edu.tr\/?p=1011\" target=\"_self\">Daha Fazla Bilgi<span class=\"screen-reader-text\">: Designing the Future of Technology<\/span><\/a>\n<\/li><li class=\"wp-block-post post-1008 post type-post status-publish format-standard has-post-thumbnail hentry category-uncategorized\">\n<figure style=\"width:50%; padding-top:var(--wp--preset--spacing--20);padding-bottom:var(--wp--preset--spacing--20);\" class=\"aligncenter wp-block-post-featured-image\"><img loading=\"lazy\" decoding=\"async\" width=\"1707\" height=\"2560\" src=\"https:\/\/me2.bilkent.edu.tr\/wp-content\/uploads\/2026\/03\/jurica-koletic-7YVZYZeITc8-unsplash-scaled.jpg\" class=\"attachment-full size-full wp-post-image\" alt=\"\" style=\"object-fit:cover;\" srcset=\"https:\/\/me2.bilkent.edu.tr\/wp-content\/uploads\/2026\/03\/jurica-koletic-7YVZYZeITc8-unsplash-scaled.jpg 1707w, https:\/\/me2.bilkent.edu.tr\/wp-content\/uploads\/2026\/03\/jurica-koletic-7YVZYZeITc8-unsplash-200x300.jpg 200w, https:\/\/me2.bilkent.edu.tr\/wp-content\/uploads\/2026\/03\/jurica-koletic-7YVZYZeITc8-unsplash-683x1024.jpg 683w, https:\/\/me2.bilkent.edu.tr\/wp-content\/uploads\/2026\/03\/jurica-koletic-7YVZYZeITc8-unsplash-768x1152.jpg 768w, https:\/\/me2.bilkent.edu.tr\/wp-content\/uploads\/2026\/03\/jurica-koletic-7YVZYZeITc8-unsplash-1024x1536.jpg 1024w, https:\/\/me2.bilkent.edu.tr\/wp-content\/uploads\/2026\/03\/jurica-koletic-7YVZYZeITc8-unsplash-1366x2048.jpg 1366w\" sizes=\"auto, (max-width: 1707px) 100vw, 1707px\" \/><\/figure>\n\n<div class=\"has-text-align-center wp-block-post-date\"><time datetime=\"2026-04-07T11:13:39+00:00\">April 7, 2026<\/time><\/div>\n\n<h2 style=\"padding-right:var(--wp--preset--spacing--50);padding-left:var(--wp--preset--spacing--50);\" class=\"wp-block-post-title has-medium-font-size\">Driving Innovation Through Engineering<\/h2>\n\n<div style=\"min-height:0px;\" class=\"entry-content wp-block-post-content is-layout-flow wp-container-core-post-content-is-layout-8a368f38 wp-block-post-content-is-layout-flow\">\n<p><strong>Konu\u015fmac\u0131:<\/strong> Efekan<br><strong>Tarih:<\/strong>26.04.45<br><strong>Zaman:<\/strong>23.54<br><strong>Yer:<\/strong>C Building<\/p>\n\n\n\n<p>&#8220;Lorem ipsum dolor sit amet, consectetur adipiscing elit, sed do eiusmod tempor incididunt ut labore et dolore magna aliqua. Ut enim ad minim veniam, quis nostrud exercitation ullamco laboris nisi ut aliquip ex ea commodo consequat. Duis aute irure dolor in reprehenderit in voluptate velit esse cillum dolore eu fugiat nulla pariatur. Excepteur sint occaecat cupidatat non proident, sunt in culpa qui officia deserunt mollit anim id est laborum.&#8221;<\/p>\n\n\n\n<p><strong>&#8220;Lorem ipsum dolor sit amet, consectetur adipiscing elit, sed do eiusmod tempor incididunt ut labore et dolore magna aliqua. Ut enim ad minim veniam, quis nostrud exercitation ullamco laboris nisi ut aliquip ex ea commodo consequat. Duis aute irure dolor in reprehenderit in voluptate velit esse cillum dolore eu fugiat nulla pariatur. Excepteur sint occaecat cupidatat non proident, sunt in culpa qui officia deserunt mollit anim id est laborum.&#8221;<\/strong><\/p>\n\n\n\n<p>&#8220;Lorem ipsum dolor sit amet, consectetur adipiscing elit, sed do eiusmod tempor incididunt ut labore et dolore magna aliqua. Ut enim ad minim veniam, quis nostrud exercitation ullamco laboris nisi ut aliquip ex ea commodo consequat. Duis aute irure dolor in reprehenderit in voluptate velit esse cillum dolore eu fugiat nulla pariatur. Excepteur sint occaecat cupidatat non proident, sunt in culpa qui officia deserunt mollit anim id est laborum.&#8221;<\/p>\n<\/div>\n\n<a class=\"wp-block-read-more\" href=\"https:\/\/me2.bilkent.edu.tr\/?p=1008\" target=\"_self\">Daha Fazla Bilgi<span class=\"screen-reader-text\">: Driving Innovation Through Engineering<\/span><\/a>\n<\/li><\/ul><\/div>\n\n\n\n<div class=\"wp-block-group alignfull reveal-left has-background is-layout-constrained wp-block-group-is-layout-constrained\" style=\"background-color:#0f172a\">\n<h2 class=\"wp-block-heading has-text-align-center has-white-color has-text-color has-link-color has-large-font-size wp-elements-df0b304b51f279139f2e0a0bc081db26\">\u201cWorking with AltaStream means partnering with professionals who care deeply about performance, sustainability, and results.\u201d<\/h2>\n\n\n\n<div style=\"height:16px\" aria-hidden=\"true\" class=\"wp-block-spacer\"><\/div>\n\n\n\n<figure class=\"wp-block-image aligncenter size-large is-resized\"><img loading=\"lazy\" decoding=\"async\" width=\"683\" height=\"1024\" src=\"https:\/\/me2.bilkent.edu.tr\/wp-content\/uploads\/2026\/03\/jurica-koletic-7YVZYZeITc8-unsplash-683x1024.jpg\" alt=\"\" class=\"wp-image-121\" style=\"aspect-ratio:0.666995776424771;width:109px;height:auto\" srcset=\"https:\/\/me2.bilkent.edu.tr\/wp-content\/uploads\/2026\/03\/jurica-koletic-7YVZYZeITc8-unsplash-683x1024.jpg 683w, https:\/\/me2.bilkent.edu.tr\/wp-content\/uploads\/2026\/03\/jurica-koletic-7YVZYZeITc8-unsplash-200x300.jpg 200w, https:\/\/me2.bilkent.edu.tr\/wp-content\/uploads\/2026\/03\/jurica-koletic-7YVZYZeITc8-unsplash-768x1152.jpg 768w, https:\/\/me2.bilkent.edu.tr\/wp-content\/uploads\/2026\/03\/jurica-koletic-7YVZYZeITc8-unsplash-1024x1536.jpg 1024w, https:\/\/me2.bilkent.edu.tr\/wp-content\/uploads\/2026\/03\/jurica-koletic-7YVZYZeITc8-unsplash-1366x2048.jpg 1366w, https:\/\/me2.bilkent.edu.tr\/wp-content\/uploads\/2026\/03\/jurica-koletic-7YVZYZeITc8-unsplash-scaled.jpg 1707w\" sizes=\"auto, (max-width: 683px) 100vw, 683px\" \/><\/figure>\n\n\n\n<p class=\"has-text-align-center has-ast-global-color-4-color has-text-color has-link-color wp-elements-63801524e9f3c5788028433add889a12\">Nick Hanssmann<\/p>\n\n\n\n<p class=\"has-text-align-center has-white-color has-text-color has-link-color wp-elements-56710471508987850c803084cb848d29\">Chair<\/p>\n<\/div>\n","protected":false},"excerpt":{"rendered":"<p>Neden Bilkent Makine M\u00fchendisli\u011fi? G\u00fc\u00e7l\u00fc Akademik Kadro Alan\u0131nda uzman ve aktif ara\u015ft\u0131rma yapan akademisyenler sayesinde \u00f6\u011frenciler g\u00fcncel bilgiye ula\u015f\u0131r ve [&hellip;]<\/p>\n","protected":false},"author":1,"featured_media":0,"parent":0,"menu_order":0,"comment_status":"closed","ping_status":"closed","template":"","meta":{"site-sidebar-layout":"default","site-content-layout":"","ast-site-content-layout":"default","site-content-style":"default","site-sidebar-style":"default","ast-global-header-display":"","ast-banner-title-visibility":"","ast-main-header-display":"","ast-hfb-above-header-display":"","ast-hfb-below-header-display":"","ast-hfb-mobile-header-display":"","site-post-title":"disabled","ast-breadcrumbs-content":"","ast-featured-img":"","footer-sml-layout":"","ast-disable-related-posts":"","theme-transparent-header-meta":"","adv-header-id-meta":"","stick-header-meta":"","header-above-stick-meta":"","header-main-stick-meta":"","header-below-stick-meta":"","astra-migrate-meta-layouts":"default","ast-page-background-enabled":"default","ast-page-background-meta":{"desktop":{"background-color":"var(--ast-global-color-5)","background-image":"","background-repeat":"repeat","background-position":"center center","background-size":"auto","background-attachment":"scroll","background-type":"","background-media":"","overlay-type":"","overlay-color":"","overlay-opacity":"","overlay-gradient":""},"tablet":{"background-color":"","background-image":"","background-repeat":"repeat","background-position":"center center","background-size":"auto","background-attachment":"scroll","background-type":"","background-media":"","overlay-type":"","overlay-color":"","overlay-opacity":"","overlay-gradient":""},"mobile":{"background-color":"","background-image":"","background-repeat":"repeat","background-position":"center center","background-size":"auto","background-attachment":"scroll","background-type":"","background-media":"","overlay-type":"","overlay-color":"","overlay-opacity":"","overlay-gradient":""}},"ast-content-background-meta":{"desktop":{"background-color":"var(--ast-global-color-4)","background-image":"","background-repeat":"repeat","background-position":"center center","background-size":"auto","background-attachment":"scroll","background-type":"","background-media":"","overlay-type":"","overlay-color":"","overlay-opacity":"","overlay-gradient":""},"tablet":{"background-color":"var(--ast-global-color-4)","background-image":"","background-repeat":"repeat","background-position":"center center","background-size":"auto","background-attachment":"scroll","background-type":"","background-media":"","overlay-type":"","overlay-color":"","overlay-opacity":"","overlay-gradient":""},"mobile":{"background-color":"var(--ast-global-color-4)","background-image":"","background-repeat":"repeat","background-position":"center center","background-size":"auto","background-attachment":"scroll","background-type":"","background-media":"","overlay-type":"","overlay-color":"","overlay-opacity":"","overlay-gradient":""}},"footnotes":""},"class_list":["post-650","page","type-page","status-publish","hentry"],"_links":{"self":[{"href":"https:\/\/me2.bilkent.edu.tr\/index.php?rest_route=\/wp\/v2\/pages\/650","targetHints":{"allow":["GET"]}}],"collection":[{"href":"https:\/\/me2.bilkent.edu.tr\/index.php?rest_route=\/wp\/v2\/pages"}],"about":[{"href":"https:\/\/me2.bilkent.edu.tr\/index.php?rest_route=\/wp\/v2\/types\/page"}],"author":[{"embeddable":true,"href":"https:\/\/me2.bilkent.edu.tr\/index.php?rest_route=\/wp\/v2\/users\/1"}],"replies":[{"embeddable":true,"href":"https:\/\/me2.bilkent.edu.tr\/index.php?rest_route=%2Fwp%2Fv2%2Fcomments&post=650"}],"version-history":[{"count":3,"href":"https:\/\/me2.bilkent.edu.tr\/index.php?rest_route=\/wp\/v2\/pages\/650\/revisions"}],"predecessor-version":[{"id":1001,"href":"https:\/\/me2.bilkent.edu.tr\/index.php?rest_route=\/wp\/v2\/pages\/650\/revisions\/1001"}],"wp:attachment":[{"href":"https:\/\/me2.bilkent.edu.tr\/index.php?rest_route=%2Fwp%2Fv2%2Fmedia&parent=650"}],"curies":[{"name":"wp","href":"https:\/\/api.w.org\/{rel}","templated":true}]}}